{"id":50,"date":"2012-04-30T20:03:38","date_gmt":"2012-04-30T18:03:38","guid":{"rendered":"http:\/\/junge-herzen-bayern.com\/?page_id=50"},"modified":"2014-10-04T10:52:05","modified_gmt":"2014-10-04T08:52:05","slug":"spenden","status":"publish","type":"page","link":"https:\/\/junge-herzen-bayern.com\/?page_id=50","title":{"rendered":"Spenden"},"content":{"rendered":"<p>Sie wollen Geld oder den Erl\u00f6s eines Benefizkonzerts, der Tombola im Kindergarten oder des Weihnachtsbazars in der Schule spenden?<br \/>\nM\u00f6chten Sie uns und unsere Projekte unterst\u00fctzen, um herzkranken Kindern und ihren Familien zu helfen? Wir sind dankbar f\u00fcr jede Spende und m\u00f6chten Ihnen im Namen aller herzkranken Kinder, Jugendlichen und jungen Erwachsenen danken.<\/p>\n<p><strong>Unser Spendenkonto<\/strong><br \/>\nBank: Sparkasse Freising<br \/>\nIBAN: DE36700510030025387408<br \/>\nBIC: BYLADEM1FSI<\/p>\n<p>Ihre Spende ist steuerlich absetzbar. Der Verein ist vom Finanzamt M\u00fcnchen als gemeinn\u00fctzig anerkannt (Aktenzeichen 143 \/ 217 \/ 74580 K45).<\/p>\n<p>Gerne schicken wir Ihnen eine Spendenbescheinigung zu. Bitte geben Sie auf dem \u00dcberweisungstr\u00e4ger unter \u201eVerwendungszweck\u201c Ihre vollst\u00e4ndige Adresse an, da die Anschrift nur selten ausfindig gemacht werden kann.<\/p>\n","protected":false},"excerpt":{"rendered":"<p>Sie wollen Geld oder den Erl\u00f6s eines Benefizkonzerts, der Tombola im Kindergarten oder des Weihnachtsbazars in der Schule spenden? M\u00f6chten Sie uns und unsere Projekte unterst\u00fctzen, um herzkranken Kindern und ihren Familien zu helfen? Wir sind dankbar f\u00fcr jede Spende &hellip; <a href=\"https:\/\/junge-herzen-bayern.com\/?page_id=50\">Weiterlesen <span class=\"meta-nav\">&rarr;<\/span><\/a><\/p>\n","protected":false},"author":1,"featured_media":0,"parent":0,"menu_order":7,"comment_status":"closed","ping_status":"closed","template":"","meta":{"footnotes":""},"_links":{"self":[{"href":"https:\/\/junge-herzen-bayern.com\/index.php?rest_route=\/wp\/v2\/pages\/50"}],"collection":[{"href":"https:\/\/junge-herzen-bayern.com\/index.php?rest_route=\/wp\/v2\/pages"}],"about":[{"href":"https:\/\/junge-herzen-bayern.com\/index.php?rest_route=\/wp\/v2\/types\/page"}],"author":[{"embeddable":true,"href":"https:\/\/junge-herzen-bayern.com\/index.php?rest_route=\/wp\/v2\/users\/1"}],"replies":[{"embeddable":true,"href":"https:\/\/junge-herzen-bayern.com\/index.php?rest_route=%2Fwp%2Fv2%2Fcomments&post=50"}],"version-history":[{"count":7,"href":"https:\/\/junge-herzen-bayern.com\/index.php?rest_route=\/wp\/v2\/pages\/50\/revisions"}],"predecessor-version":[{"id":372,"href":"https:\/\/junge-herzen-bayern.com\/index.php?rest_route=\/wp\/v2\/pages\/50\/revisions\/372"}],"wp:attachment":[{"href":"https:\/\/junge-herzen-bayern.com\/index.php?rest_route=%2Fwp%2Fv2%2Fmedia&parent=50"}],"curies":[{"name":"wp","href":"https:\/\/api.w.org\/{rel}","templated":true}]}}