{"id":90,"date":"2012-05-01T13:29:39","date_gmt":"2012-05-01T11:29:39","guid":{"rendered":"http:\/\/junge-herzen-bayern.com\/?page_id=90"},"modified":"2022-04-08T12:50:09","modified_gmt":"2022-04-08T10:50:09","slug":"schirmherrschaft","status":"publish","type":"page","link":"https:\/\/junge-herzen-bayern.com\/?page_id=90","title":{"rendered":"Schirmherrschaft"},"content":{"rendered":"<h4>Die Schirmherrschaft f\u00fcr die Jungen Herzen Bayern hat das bekannte Kinderlieder-Duo <a href=\"https:\/\/www.sternschnuppe-kinderlieder.de\/\">Sternschnuppe<\/a> \u00fcbernommen.<\/h4>\n<h4 class=\"western\"><a href=\"https:\/\/junge-herzen-bayern.com\/wp-content\/uploads\/2015\/12\/L1012993.jpg\" rel=\"attachment wp-att-520\"><img decoding=\"async\" loading=\"lazy\" class=\"wp-image-520  alignnone\" src=\"https:\/\/junge-herzen-bayern.com\/wp-content\/uploads\/2015\/12\/L1012993-200x300.jpg\" alt=\"L1012993\" width=\"167\" height=\"250\" srcset=\"https:\/\/junge-herzen-bayern.com\/wp-content\/uploads\/2015\/12\/L1012993-200x300.jpg 200w, https:\/\/junge-herzen-bayern.com\/wp-content\/uploads\/2015\/12\/L1012993.jpg 532w\" sizes=\"(max-width: 167px) 100vw, 167px\" \/><\/a><span style=\"color: white;\">xxxxxxxxxxxx<\/span><a href=\"https:\/\/junge-herzen-bayern.com\/wp-content\/uploads\/2015\/12\/L1012988.jpg\" rel=\"attachment wp-att-527\"><img decoding=\"async\" loading=\"lazy\" class=\"wp-image-527  alignnone\" src=\"https:\/\/junge-herzen-bayern.com\/wp-content\/uploads\/2015\/12\/L1012988-200x300.jpg\" alt=\"L1012988\" width=\"167\" height=\"250\" srcset=\"https:\/\/junge-herzen-bayern.com\/wp-content\/uploads\/2015\/12\/L1012988-200x300.jpg 200w, https:\/\/junge-herzen-bayern.com\/wp-content\/uploads\/2015\/12\/L1012988.jpg 532w\" sizes=\"(max-width: 167px) 100vw, 167px\" \/><\/a><br \/>\n<span style=\"font-size: small;\">Unsere Schirmherren spielen f\u00fcr herzkranke Kinder in M\u00fcnchner Kliniken<\/span><\/h4>\n<p class=\"western\"><span style=\"font-size: medium;\">Anfang Dezember waren wir mit unseren Schirmherren, Margit Sarholz und Werner Meier dem Kinderlieder-Duo Sternschnuppe, zu Besuch auf den kinderkardiologischen Stationen im Deutschen Herzzentrum M\u00fcnchen und im Klinikum Gro\u00dfhadern. Mit lustigen, verschmitzten und auch besinnlichen Liedern erfreuten sie dort alle kleinen und gr\u00f6\u00dferen Patienten.<\/span><\/p>\n<p class=\"western\"><a href=\"https:\/\/junge-herzen-bayern.com\/wp-content\/uploads\/2015\/12\/L1013005.jpg\" rel=\"attachment wp-att-524\"><img decoding=\"async\" loading=\"lazy\" class=\"alignleft wp-image-524\" src=\"https:\/\/junge-herzen-bayern.com\/wp-content\/uploads\/2015\/12\/L1013005-300x200.jpg\" alt=\"L1013005\" width=\"227\" height=\"152\" srcset=\"https:\/\/junge-herzen-bayern.com\/wp-content\/uploads\/2015\/12\/L1013005-300x200.jpg 300w, https:\/\/junge-herzen-bayern.com\/wp-content\/uploads\/2015\/12\/L1013005-768x511.jpg 768w, https:\/\/junge-herzen-bayern.com\/wp-content\/uploads\/2015\/12\/L1013005.jpg 800w\" sizes=\"(max-width: 227px) 100vw, 227px\" \/><\/a><a href=\"https:\/\/junge-herzen-bayern.com\/wp-content\/uploads\/2015\/12\/L1012994.jpg\" rel=\"attachment wp-att-521\"><img decoding=\"async\" loading=\"lazy\" class=\"alignright wp-image-521\" src=\"https:\/\/junge-herzen-bayern.com\/wp-content\/uploads\/2015\/12\/L1012994-300x200.jpg\" alt=\"L1012994\" width=\"227\" height=\"152\" srcset=\"https:\/\/junge-herzen-bayern.com\/wp-content\/uploads\/2015\/12\/L1012994-300x200.jpg 300w, https:\/\/junge-herzen-bayern.com\/wp-content\/uploads\/2015\/12\/L1012994-768x511.jpg 768w, https:\/\/junge-herzen-bayern.com\/wp-content\/uploads\/2015\/12\/L1012994.jpg 800w\" sizes=\"(max-width: 227px) 100vw, 227px\" \/><\/a><br clear=\"left\">&nbsp;<br clear=\"left\"><span style=\"font-size: medium;\">Im Herzzentrum M\u00fcnchen wurden wir von der Kontaktschwester Birgit Beckmann begr\u00fc\u00dft und \u00fcber die Station gef\u00fchrt. Margit und Werner informierten sich dabei eingehend \u00fcber die medizinische Versorgung der kleinen Patienten, die hier nach komplizierten Eingriffen oft Monate verbringen m\u00fcssen. Eine schwierige und sehr emotionale Situation f\u00fcr die ganze Familie \u2013 gerade in der Vorweihnachtszeit. Da kam die Abwechslung und Aufmunterung durch die fr\u00f6hlichen Lieder des Kinderlieder-Duos gerade recht. Ob bei \u201eSchlittenfahrn: Aus der Bahn\u201c oder \u201eWalzer im Schnee\u201c, die Kleinen lauschten mit leuchtenden Augen den Liedern der beiden Musiker. Wer nicht zum Konzert im Eingangsbereich der Station kommen konnte, wurde von Sternschnuppe am Krankenbett besucht.<\/span><\/p>\n<p class=\"western\"><span style=\"font-size: medium;\">Danach versch\u00f6nerten die beiden Musiker auch noch den Klinikalltag der kleinen und schon etwas gr\u00f6\u00dferen Patienten der kinderkardiologischen Station des Klinikums Gro\u00dfhadern. Bei einem Rundgang mit Frau Svoboda, der Assistentin der Abteilung, \u00fcber die Normal- und Intensivstation lernten Margit und Werner auch einige Patienten kennen, die hier Monate verbringen m\u00fcssen wenn sie auf ein Spenderherz warten. F\u00fcr diese und f\u00fcr alle anderen Kinder packte Werner wieder seine Gitarre aus und sie gaben einige ihrer sch\u00f6nsten Lieder zum Besten. Wer nicht zum Konzert in der Elternk\u00fcche der Station kommen konnte, wurde von Sternschnuppe am Krankenbett besucht.<\/span><\/p>\n<p class=\"western\"><a href=\"https:\/\/junge-herzen-bayern.com\/wp-content\/uploads\/2015\/12\/L1013036.jpg\" rel=\"attachment wp-att-526\"><img decoding=\"async\" loading=\"lazy\" class=\"alignnone wp-image-526\" src=\"https:\/\/junge-herzen-bayern.com\/wp-content\/uploads\/2015\/12\/L1013036-300x200.jpg\" alt=\"L1013036\" width=\"226\" height=\"151\" srcset=\"https:\/\/junge-herzen-bayern.com\/wp-content\/uploads\/2015\/12\/L1013036-300x200.jpg 300w, https:\/\/junge-herzen-bayern.com\/wp-content\/uploads\/2015\/12\/L1013036-768x511.jpg 768w, https:\/\/junge-herzen-bayern.com\/wp-content\/uploads\/2015\/12\/L1013036.jpg 800w\" sizes=\"(max-width: 226px) 100vw, 226px\" \/><\/a><a href=\"https:\/\/junge-herzen-bayern.com\/wp-content\/uploads\/2015\/12\/L1013020.jpg\" rel=\"attachment wp-att-525\"><img decoding=\"async\" loading=\"lazy\" class=\"alignright wp-image-525\" src=\"https:\/\/junge-herzen-bayern.com\/wp-content\/uploads\/2015\/12\/L1013020-300x200.jpg\" alt=\"L1013020\" width=\"226\" height=\"151\" srcset=\"https:\/\/junge-herzen-bayern.com\/wp-content\/uploads\/2015\/12\/L1013020-300x200.jpg 300w, https:\/\/junge-herzen-bayern.com\/wp-content\/uploads\/2015\/12\/L1013020-768x511.jpg 768w, https:\/\/junge-herzen-bayern.com\/wp-content\/uploads\/2015\/12\/L1013020.jpg 800w\" sizes=\"(max-width: 226px) 100vw, 226px\" \/><\/a><\/p>\n<p class=\"western\"><span style=\"font-size: medium;\">Und weil Schenken schlie\u00dflich auch zur Vorweihnachtszeit geh\u00f6rt, lie\u00dfen Sternschnuppe nicht nur unbeschwerte Momente zur\u00fcck, sondern \u00fcberreichten den Stationen auch eine Auswahl ihrer CDs. <\/span><\/p>\n","protected":false},"excerpt":{"rendered":"<p>Die Schirmherrschaft f\u00fcr die Jungen Herzen Bayern hat das bekannte Kinderlieder-Duo Sternschnuppe \u00fcbernommen. xxxxxxxxxxxx Unsere Schirmherren spielen f\u00fcr herzkranke Kinder in M\u00fcnchner Kliniken Anfang Dezember waren wir mit unseren Schirmherren, Margit Sarholz und Werner Meier dem Kinderlieder-Duo Sternschnuppe, zu Besuch &hellip; <a href=\"https:\/\/junge-herzen-bayern.com\/?page_id=90\">Weiterlesen <span class=\"meta-nav\">&rarr;<\/span><\/a><\/p>\n","protected":false},"author":1,"featured_media":0,"parent":0,"menu_order":5,"comment_status":"closed","ping_status":"closed","template":"","meta":{"footnotes":""},"_links":{"self":[{"href":"https:\/\/junge-herzen-bayern.com\/index.php?rest_route=\/wp\/v2\/pages\/90"}],"collection":[{"href":"https:\/\/junge-herzen-bayern.com\/index.php?rest_route=\/wp\/v2\/pages"}],"about":[{"href":"https:\/\/junge-herzen-bayern.com\/index.php?rest_route=\/wp\/v2\/types\/page"}],"author":[{"embeddable":true,"href":"https:\/\/junge-herzen-bayern.com\/index.php?rest_route=\/wp\/v2\/users\/1"}],"replies":[{"embeddable":true,"href":"https:\/\/junge-herzen-bayern.com\/index.php?rest_route=%2Fwp%2Fv2%2Fcomments&post=90"}],"version-history":[{"count":33,"href":"https:\/\/junge-herzen-bayern.com\/index.php?rest_route=\/wp\/v2\/pages\/90\/revisions"}],"predecessor-version":[{"id":1272,"href":"https:\/\/junge-herzen-bayern.com\/index.php?rest_route=\/wp\/v2\/pages\/90\/revisions\/1272"}],"wp:attachment":[{"href":"https:\/\/junge-herzen-bayern.com\/index.php?rest_route=%2Fwp%2Fv2%2Fmedia&parent=90"}],"curies":[{"name":"wp","href":"https:\/\/api.w.org\/{rel}","templated":true}]}}